{"version":"1.0","provider_name":"PREPAST","provider_url":"https:\/\/prepast.org\/es","author_name":"gestiolasabina","author_url":"https:\/\/prepast.org\/es\/author\/gestiolasabina\/","title":"Participem a la presentaci\u00f3 de 15 projectes d'impuls a la bioeconomia forestal de Catalunya - PREPAST","type":"rich","width":600,"height":338,"html":"<blockquote class=\"wp-embedded-content\" data-secret=\"STN0ZFXJwS\"><a href=\"https:\/\/prepast.org\/es\/participem-presentacio-projectes-impuls-bioeconomia-forestal-de-catalunya\/\">Participamos en la presentaci\u00f3n de 15 proyectos de impulso a la bioeconom\u00eda forestal de Catalu\u00f1a<\/a><\/blockquote><iframe sandbox=\"allow-scripts\" security=\"restricted\" src=\"https:\/\/prepast.org\/es\/participem-presentacio-projectes-impuls-bioeconomia-forestal-de-catalunya\/embed\/#?secret=STN0ZFXJwS\" width=\"600\" height=\"338\" title=\"\u00abParticipem a la presentaci\u00f3 de 15 projectes d&#8217;impuls a la bioeconomia forestal de Catalunya\u00bb \u2014 PREPAST\" data-secret=\"STN0ZFXJwS\" frameborder=\"0\" marginwidth=\"0\" marginheight=\"0\" scrolling=\"no\" class=\"wp-embedded-content\"><\/iframe><script>\n\/*! This file is auto-generated *\/\n!function(d,l){\"use strict\";l.querySelector&&d.addEventListener&&\"undefined\"!=typeof URL&&(d.wp=d.wp||{},d.wp.receiveEmbedMessage||(d.wp.receiveEmbedMessage=function(e){var t=e.data;if((t||t.secret||t.message||t.value)&&!\/[^a-zA-Z0-9]\/.test(t.secret)){for(var s,r,n,a=l.querySelectorAll('iframe[data-secret=\"'+t.secret+'\"]'),o=l.querySelectorAll('blockquote[data-secret=\"'+t.secret+'\"]'),c=new RegExp(\"^https?:$\",\"i\"),i=0;i<o.length;i++)o[i].style.display=\"none\";for(i=0;i<a.length;i++)s=a[i],e.source===s.contentWindow&&(s.removeAttribute(\"style\"),\"height\"===t.message?(1e3<(r=parseInt(t.value,10))?r=1e3:~~r<200&&(r=200),s.height=r):\"link\"===t.message&&(r=new URL(s.getAttribute(\"src\")),n=new URL(t.value),c.test(n.protocol))&&n.host===r.host&&l.activeElement===s&&(d.top.location.href=t.value))}},d.addEventListener(\"message\",d.wp.receiveEmbedMessage,!1),l.addEventListener(\"DOMContentLoaded\",function(){for(var e,t,s=l.querySelectorAll(\"iframe.wp-embedded-content\"),r=0;r<s.length;r++)(t=(e=s[r]).getAttribute(\"data-secret\"))||(t=Math.random().toString(36).substring(2,12),e.src+=\"#?secret=\"+t,e.setAttribute(\"data-secret\",t)),e.contentWindow.postMessage({message:\"ready\",secret:t},\"*\")},!1)))}(window,document);\n\/\/# sourceURL=https:\/\/prepast.org\/wp-includes\/js\/wp-embed.min.js\n<\/script>","thumbnail_url":"https:\/\/prepast.org\/wp-content\/uploads\/2024\/06\/060624-Presentacio-La-Pedrera-3.jpg","thumbnail_width":1600,"thumbnail_height":1204,"description":"El passat dijous 6 de juny vam presentar el PREPAST a l\u2019auditori de la Pedrera a Barcelona, juntament amb els altres 14 projectes de la convocatoria de bioeconom\u00eda forestal d\u2019\u00e0mbit catal\u00e0. PREPAST es va presentar juntament amb els projectes OVIHUEC.DAT i BEEF, tots encarats a potenciar la ramaderia extensiva al territori. Al finalizar les presentacions [&hellip;]"}

Participem a la presentació de 15 projectes d'impuls a la bioeconomia forestal de Catalunya - PREPAST

<blockquote class="wp-embedded-content" data-secret="STN0ZFXJwS"><a href="https://prepast.org/es/participem-presentacio-projectes-impuls-bioeconomia-forestal-de-catalunya/">Participamos en la presentación de 15 proyectos de impulso a la bioeconomía forestal de Cataluña</a></blockquote><iframe sandbox="allow-scripts" security="restricted" src="https://prepast.org/es/participem-presentacio-projectes-impuls-bioeconomia-forestal-de-catalunya/embed/#?secret=STN0ZFXJwS" width="600" height="338" title="«Participem a la presentació de 15 projectes d&#8217;impuls a la bioeconomia forestal de Catalunya» — PREPAST" data-secret="STN0ZFXJwS" frameborder="0" marginwidth="0" marginheight="0" scrolling="no" class="wp-embedded-content"></iframe><script>
/*! This file is auto-generated */
!function(d,l){"use strict";l.querySelector&&d.addEventListener&&"undefined"!=typeof URL&&(d.wp=d.wp||{},d.wp.receiveEmbedMessage||(d.wp.receiveEmbedMessage=function(e){var t=e.data;if((t||t.secret||t.message||t.value)&&!/[^a-zA-Z0-9]/.test(t.secret)){for(var s,r,n,a=l.querySelectorAll('iframe[data-secret="'+t.secret+'"]'),o=l.querySelectorAll('blockquote[data-secret="'+t.secret+'"]'),c=new RegExp("^https?:$","i"),i=0;i<o.length;i++)o[i].style.display="none";for(i=0;i<a.length;i++)s=a[i],e.source===s.contentWindow&&(s.removeAttribute("style"),"height"===t.message?(1e3<(r=parseInt(t.value,10))?r=1e3:~~r<200&&(r=200),s.height=r):"link"===t.message&&(r=new URL(s.getAttribute("src")),n=new URL(t.value),c.test(n.protocol))&&n.host===r.host&&l.activeElement===s&&(d.top.location.href=t.value))}},d.addEventListener("message",d.wp.receiveEmbedMessage,!1),l.addEventListener("DOMContentLoaded",function(){for(var e,t,s=l.querySelectorAll("iframe.wp-embedded-content"),r=0;r<s.length;r++)(t=(e=s[r]).getAttribute("data-secret"))||(t=Math.random().toString(36).substring(2,12),e.src+="#?secret="+t,e.setAttribute("data-secret",t)),e.contentWindow.postMessage({message:"ready",secret:t},"*")},!1)))}(window,document);
//# sourceURL=https://prepast.org/wp-includes/js/wp-embed.min.js
</script>

El passat dijous 6 de juny vam presentar el PREPAST a l’auditori de la Pedrera a Barcelona, juntament amb els altres 14 projectes de la convocatoria de bioeconomía forestal d’àmbit català. PREPAST es va presentar juntament amb els projectes OVIHUEC.DAT i BEEF, tots encarats a potenciar la ramaderia extensiva al territori. Al finalizar les presentacions [&hellip;]
